{"id":8381,"date":"2024-05-24T15:08:59","date_gmt":"2024-05-24T13:08:59","guid":{"rendered":"https:\/\/2tm.eu\/?post_type=tribe_events&#038;p=8381"},"modified":"2026-04-17T12:50:39","modified_gmt":"2026-04-17T10:50:39","slug":"univerzitet-u-novoj-gorici-potpisao-je-ugovor-sa-kompanijom-2tm","status":"publish","type":"tribe_events","link":"https:\/\/2tm.eu\/sr\/event\/univerzitet-u-novoj-gorici-potpisao-je-ugovor-sa-kompanijom-2tm\/","title":{"rendered":"Univerzitet u Novoj Gorici potpisao je ugovor sa kompanijom 2TM"},"content":{"rendered":"<p>U aprilu 2024. godine Univerzitet u Novoj Gorici i kompanija 2TM sklopili su ugovor o reklamiranju obrazovnih programa univerziteta na razli\u010ditim tr\u017ei\u0161tima. U okviru ponu\u0111ene usluge \u201eOgla\u0161avanje obrazovnih ustanova\u201c kompanija 2TM \u0107\u00a0 predstaviti univerzitetske studijske programe u inostranstvu.<\/p>\n<p>Direktor kompanije 2TM se zahvalio rukovodstvu univerziteta na ukazanom poverenju i rekao da je \u201eOgla\u0161avanje obrazovnih institucija\u201d usmereno na povec\u0301anje broja perspektivnih studenata u Sloveniji. Pored toga, nova usluga kompanije 2TM omoguc\u0301ava obrazovnim institucijama da prenesu deo aktivnosti pridobijanju interesa kandidata, na partnera a oni se intenzivnije posvec\u0301uju pedago\u0161koj, nau\u010dnoj i razvojnoj delatnosti.<\/p>\n<p>2TM je vodec\u0301a kompanija u Sloveniji koja nudi usluge stranim studentima i u\u010denicima kod upisa u slovena\u010dke obrazovne ustanove, od 2015. godine. Za 9 godina rada, zahvaljujuc\u0301i timu kompanije, upisala je u slovena\u010dke obrazovne ustanove vi\u0161e od 1.750 kandidata iz inostranstva.<\/p>\n<p>&nbsp;<\/p>\n","protected":false},"excerpt":{"rendered":"<p>U aprilu 2024. godine Univerzitet u Novoj Gorici i kompanija 2TM sklopili su ugovor o reklamiranju obrazovnih programa univerziteta na razli\u010ditim tr\u017ei\u0161tima.<\/p>\n","protected":false},"author":14,"featured_media":8372,"comment_status":"open","ping_status":"closed","template":"","meta":{"_acf_changed":false,"_tribe_events_status":"","_tribe_events_status_reason":"","footnotes":""},"tags":[],"tribe_events_cat":[],"acf":[],"yoast_head":"<!-- This site is optimized with the Yoast SEO Premium plugin v20.5 (Yoast SEO v20.5) - https:\/\/yoast.com\/wordpress\/plugins\/seo\/ -->\n<title>Saradnja Univerziteta u Novoj Gorici i 2TM \u2014 Nove mogu\u0107nosti<\/title>\n<meta name=\"description\" content=\"Zvani\u010dno partnerstvo: Univerzitet u Novoj Gorici i 2TM potpisali ugovor o saradnji. Olak\u0161an proces upisa i direktne informacije o fakultetima ovog univerziteta.\" \/>\n<meta name=\"robots\" content=\"index, follow, max-snippet:-1, max-image-preview:large, max-video-preview:-1\" \/>\n<link rel=\"canonical\" href=\"https:\/\/2tm.eu\/sr\/event\/univerzitet-u-novoj-gorici-potpisao-je-ugovor-sa-kompanijom-2tm\/\" \/>\n<meta property=\"og:locale\" content=\"sr_RS\" \/>\n<meta property=\"og:type\" content=\"article\" \/>\n<meta property=\"og:title\" content=\"Saradnja Univerziteta u Novoj Gorici i 2TM \u2014 Nove mogu\u0107nosti\" \/>\n<meta property=\"og:description\" content=\"Zvani\u010dno partnerstvo: Univerzitet u Novoj Gorici i 2TM potpisali ugovor o saradnji. Olak\u0161an proces upisa i direktne informacije o fakultetima ovog univerziteta.\" \/>\n<meta property=\"og:url\" content=\"https:\/\/2tm.eu\/sr\/event\/univerzitet-u-novoj-gorici-potpisao-je-ugovor-sa-kompanijom-2tm\/\" \/>\n<meta property=\"og:site_name\" content=\"2TM\" \/>\n<meta property=\"article:modified_time\" content=\"2026-04-17T10:50:39+00:00\" \/>\n<meta property=\"og:image\" content=\"https:\/\/2tm.eu\/content\/uploads\/2024\/05\/001__t1a0004_photo_miha_godec.jpg\" \/>\n\t<meta property=\"og:image:width\" content=\"2560\" \/>\n\t<meta property=\"og:image:height\" content=\"1707\" \/>\n\t<meta property=\"og:image:type\" content=\"image\/jpeg\" \/>\n<meta name=\"twitter:card\" content=\"summary_large_image\" \/>\n<meta name=\"twitter:title\" content=\"Saradnja Univerziteta u Novoj Gorici i 2TM \u2014 Nove mogu\u0107nosti\" \/>\n<meta name=\"twitter:description\" content=\"Zvani\u010dno partnerstvo: Univerzitet u Novoj Gorici i 2TM potpisali ugovor o saradnji. Olak\u0161an proces upisa i direktne informacije o fakultetima ovog univerziteta.\" \/>\n<meta name=\"twitter:label1\" content=\"\u041f\u0440\u043e\u0446\u0435\u045a\u0435\u043d\u043e \u0432\u0440\u0435\u043c\u0435 \u0447\u0438\u0442\u0430\u045a\u0430\" \/>\n\t<meta name=\"twitter:data1\" content=\"1 \u043c\u0438\u043d\u0443\u0442\" \/>\n<script type=\"application\/ld+json\" class=\"yoast-schema-graph\">{\"@context\":\"https:\/\/schema.org\",\"@graph\":[{\"@type\":\"WebPage\",\"@id\":\"https:\/\/2tm.eu\/sr\/event\/univerzitet-u-novoj-gorici-potpisao-je-ugovor-sa-kompanijom-2tm\/\",\"url\":\"https:\/\/2tm.eu\/sr\/event\/univerzitet-u-novoj-gorici-potpisao-je-ugovor-sa-kompanijom-2tm\/\",\"name\":\"Saradnja Univerziteta u Novoj Gorici i 2TM \u2014 Nove mogu\u0107nosti\",\"isPartOf\":{\"@id\":\"https:\/\/2tm.eu\/en\/#website\"},\"datePublished\":\"2024-05-24T13:08:59+00:00\",\"dateModified\":\"2026-04-17T10:50:39+00:00\",\"description\":\"Zvani\u010dno partnerstvo: Univerzitet u Novoj Gorici i 2TM potpisali ugovor o saradnji. Olak\u0161an proces upisa i direktne informacije o fakultetima ovog univerziteta.\",\"breadcrumb\":{\"@id\":\"https:\/\/2tm.eu\/sr\/event\/univerzitet-u-novoj-gorici-potpisao-je-ugovor-sa-kompanijom-2tm\/#breadcrumb\"},\"inLanguage\":\"sr-RS\",\"potentialAction\":[{\"@type\":\"ReadAction\",\"target\":[\"https:\/\/2tm.eu\/sr\/event\/univerzitet-u-novoj-gorici-potpisao-je-ugovor-sa-kompanijom-2tm\/\"]}]},{\"@type\":\"BreadcrumbList\",\"@id\":\"https:\/\/2tm.eu\/sr\/event\/univerzitet-u-novoj-gorici-potpisao-je-ugovor-sa-kompanijom-2tm\/#breadcrumb\",\"itemListElement\":[{\"@type\":\"ListItem\",\"position\":1,\"name\":\"Home\",\"item\":\"https:\/\/2tm.eu\/sr\/\"},{\"@type\":\"ListItem\",\"position\":2,\"name\":\"Events\",\"item\":\"https:\/\/2tm.eu\/sl\/events\/\"},{\"@type\":\"ListItem\",\"position\":3,\"name\":\"Univerzitet u Novoj Gorici potpisao je ugovor sa kompanijom 2TM\"}]},{\"@type\":\"WebSite\",\"@id\":\"https:\/\/2tm.eu\/en\/#website\",\"url\":\"https:\/\/2tm.eu\/en\/\",\"name\":\"2TM\",\"description\":\"Studiraj u Europi\",\"potentialAction\":[{\"@type\":\"SearchAction\",\"target\":{\"@type\":\"EntryPoint\",\"urlTemplate\":\"https:\/\/2tm.eu\/en\/?s={search_term_string}\"},\"query-input\":\"required name=search_term_string\"}],\"inLanguage\":\"sr-RS\"}]}<\/script>\n<!-- \/ Yoast SEO Premium plugin. -->","yoast_head_json":{"title":"Saradnja Univerziteta u Novoj Gorici i 2TM \u2014 Nove mogu\u0107nosti","description":"Zvani\u010dno partnerstvo: Univerzitet u Novoj Gorici i 2TM potpisali ugovor o saradnji. Olak\u0161an proces upisa i direktne informacije o fakultetima ovog univerziteta.","robots":{"index":"index","follow":"follow","max-snippet":"max-snippet:-1","max-image-preview":"max-image-preview:large","max-video-preview":"max-video-preview:-1"},"canonical":"https:\/\/2tm.eu\/sr\/event\/univerzitet-u-novoj-gorici-potpisao-je-ugovor-sa-kompanijom-2tm\/","og_locale":"sr_RS","og_type":"article","og_title":"Saradnja Univerziteta u Novoj Gorici i 2TM \u2014 Nove mogu\u0107nosti","og_description":"Zvani\u010dno partnerstvo: Univerzitet u Novoj Gorici i 2TM potpisali ugovor o saradnji. Olak\u0161an proces upisa i direktne informacije o fakultetima ovog univerziteta.","og_url":"https:\/\/2tm.eu\/sr\/event\/univerzitet-u-novoj-gorici-potpisao-je-ugovor-sa-kompanijom-2tm\/","og_site_name":"2TM","article_modified_time":"2026-04-17T10:50:39+00:00","og_image":[{"width":2560,"height":1707,"url":"https:\/\/2tm.eu\/content\/uploads\/2024\/05\/001__t1a0004_photo_miha_godec.jpg","type":"image\/jpeg"}],"twitter_card":"summary_large_image","twitter_title":"Saradnja Univerziteta u Novoj Gorici i 2TM \u2014 Nove mogu\u0107nosti","twitter_description":"Zvani\u010dno partnerstvo: Univerzitet u Novoj Gorici i 2TM potpisali ugovor o saradnji. Olak\u0161an proces upisa i direktne informacije o fakultetima ovog univerziteta.","twitter_misc":{"\u041f\u0440\u043e\u0446\u0435\u045a\u0435\u043d\u043e \u0432\u0440\u0435\u043c\u0435 \u0447\u0438\u0442\u0430\u045a\u0430":"1 \u043c\u0438\u043d\u0443\u0442"},"schema":{"@context":"https:\/\/schema.org","@graph":[{"@type":"WebPage","@id":"https:\/\/2tm.eu\/sr\/event\/univerzitet-u-novoj-gorici-potpisao-je-ugovor-sa-kompanijom-2tm\/","url":"https:\/\/2tm.eu\/sr\/event\/univerzitet-u-novoj-gorici-potpisao-je-ugovor-sa-kompanijom-2tm\/","name":"Saradnja Univerziteta u Novoj Gorici i 2TM \u2014 Nove mogu\u0107nosti","isPartOf":{"@id":"https:\/\/2tm.eu\/en\/#website"},"datePublished":"2024-05-24T13:08:59+00:00","dateModified":"2026-04-17T10:50:39+00:00","description":"Zvani\u010dno partnerstvo: Univerzitet u Novoj Gorici i 2TM potpisali ugovor o saradnji. Olak\u0161an proces upisa i direktne informacije o fakultetima ovog univerziteta.","breadcrumb":{"@id":"https:\/\/2tm.eu\/sr\/event\/univerzitet-u-novoj-gorici-potpisao-je-ugovor-sa-kompanijom-2tm\/#breadcrumb"},"inLanguage":"sr-RS","potentialAction":[{"@type":"ReadAction","target":["https:\/\/2tm.eu\/sr\/event\/univerzitet-u-novoj-gorici-potpisao-je-ugovor-sa-kompanijom-2tm\/"]}]},{"@type":"BreadcrumbList","@id":"https:\/\/2tm.eu\/sr\/event\/univerzitet-u-novoj-gorici-potpisao-je-ugovor-sa-kompanijom-2tm\/#breadcrumb","itemListElement":[{"@type":"ListItem","position":1,"name":"Home","item":"https:\/\/2tm.eu\/sr\/"},{"@type":"ListItem","position":2,"name":"Events","item":"https:\/\/2tm.eu\/sl\/events\/"},{"@type":"ListItem","position":3,"name":"Univerzitet u Novoj Gorici potpisao je ugovor sa kompanijom 2TM"}]},{"@type":"WebSite","@id":"https:\/\/2tm.eu\/en\/#website","url":"https:\/\/2tm.eu\/en\/","name":"2TM","description":"Studiraj u Europi","potentialAction":[{"@type":"SearchAction","target":{"@type":"EntryPoint","urlTemplate":"https:\/\/2tm.eu\/en\/?s={search_term_string}"},"query-input":"required name=search_term_string"}],"inLanguage":"sr-RS"}]}},"_links":{"self":[{"href":"https:\/\/2tm.eu\/sr\/wp-json\/wp\/v2\/tribe_events\/8381"}],"collection":[{"href":"https:\/\/2tm.eu\/sr\/wp-json\/wp\/v2\/tribe_events"}],"about":[{"href":"https:\/\/2tm.eu\/sr\/wp-json\/wp\/v2\/types\/tribe_events"}],"author":[{"embeddable":true,"href":"https:\/\/2tm.eu\/sr\/wp-json\/wp\/v2\/users\/14"}],"replies":[{"embeddable":true,"href":"https:\/\/2tm.eu\/sr\/wp-json\/wp\/v2\/comments?post=8381"}],"version-history":[{"count":1,"href":"https:\/\/2tm.eu\/sr\/wp-json\/wp\/v2\/tribe_events\/8381\/revisions"}],"predecessor-version":[{"id":8382,"href":"https:\/\/2tm.eu\/sr\/wp-json\/wp\/v2\/tribe_events\/8381\/revisions\/8382"}],"wp:featuredmedia":[{"embeddable":true,"href":"https:\/\/2tm.eu\/sr\/wp-json\/wp\/v2\/media\/8372"}],"wp:attachment":[{"href":"https:\/\/2tm.eu\/sr\/wp-json\/wp\/v2\/media?parent=8381"}],"wp:term":[{"taxonomy":"post_tag","embeddable":true,"href":"https:\/\/2tm.eu\/sr\/wp-json\/wp\/v2\/tags?post=8381"},{"taxonomy":"tribe_events_cat","embeddable":true,"href":"https:\/\/2tm.eu\/sr\/wp-json\/wp\/v2\/tribe_events_cat?post=8381"}],"curies":[{"name":"wp","href":"https:\/\/api.w.org\/{rel}","templated":true}]}}

<p>U aprilu 2024. godine Univerzitet u Novoj Gorici i kompanija 2TM sklopili su ugovor o reklamiranju obrazovnih programa univerziteta na različitim tržištima. U okviru ponuđene usluge „Oglašavanje obrazovnih ustanova“ kompanija 2TM ć  predstaviti univerzitetske studijske programe u inostranstvu.</p>
<p>Direktor kompanije 2TM se zahvalio rukovodstvu univerziteta na ukazanom poverenju i rekao da je „Oglašavanje obrazovnih institucija” usmereno na povećanje broja perspektivnih studenata u Sloveniji. Pored toga, nova usluga kompanije 2TM omogućava obrazovnim institucijama da prenesu deo aktivnosti pridobijanju interesa kandidata, na partnera a oni se intenzivnije posvećuju pedagoškoj, naučnoj i razvojnoj delatnosti.</p>
<p>2TM je vodeća kompanija u Sloveniji koja nudi usluge stranim studentima i učenicima kod upisa u slovenačke obrazovne ustanove, od 2015. godine. Za 9 godina rada, zahvaljujući timu kompanije, upisala je u slovenačke obrazovne ustanove više od 1.750 kandidata iz inostranstva.</p>
<p>&nbsp;</p>

<p>U aprilu 2024. godine Univerzitet u Novoj Gorici i kompanija 2TM sklopili su ugovor o reklamiranju obrazovnih programa univerziteta na različitim tržištima.</p>

<!-- This site is optimized with the Yoast SEO Premium plugin v20.5 (Yoast SEO v20.5) - https://yoast.com/wordpress/plugins/seo/ -->
<title>Saradnja Univerziteta u Novoj Gorici i 2TM — Nove mogućnosti</title>
<meta name="description" content="Zvanično partnerstvo: Univerzitet u Novoj Gorici i 2TM potpisali ugovor o saradnji. Olakšan proces upisa i direktne informacije o fakultetima ovog univerziteta." />
<meta name="robots" content="index, follow, max-snippet:-1, max-image-preview:large, max-video-preview:-1" />
<link rel="canonical" href="https://2tm.eu/sr/event/univerzitet-u-novoj-gorici-potpisao-je-ugovor-sa-kompanijom-2tm/" />
<meta property="og:locale" content="sr_RS" />
<meta property="og:type" content="article" />
<meta property="og:title" content="Saradnja Univerziteta u Novoj Gorici i 2TM — Nove mogućnosti" />
<meta property="og:description" content="Zvanično partnerstvo: Univerzitet u Novoj Gorici i 2TM potpisali ugovor o saradnji. Olakšan proces upisa i direktne informacije o fakultetima ovog univerziteta." />
<meta property="og:url" content="https://2tm.eu/sr/event/univerzitet-u-novoj-gorici-potpisao-je-ugovor-sa-kompanijom-2tm/" />
<meta property="og:site_name" content="2TM" />
<meta property="article:modified_time" content="2026-04-17T10:50:39+00:00" />
<meta property="og:image" content="https://2tm.eu/content/uploads/2024/05/001__t1a0004_photo_miha_godec.jpg" />
	<meta property="og:image:width" content="2560" />
	<meta property="og:image:height" content="1707" />
	<meta property="og:image:type" content="image/jpeg" />
<meta name="twitter:card" content="summary_large_image" />
<meta name="twitter:title" content="Saradnja Univerziteta u Novoj Gorici i 2TM — Nove mogućnosti" />
<meta name="twitter:description" content="Zvanično partnerstvo: Univerzitet u Novoj Gorici i 2TM potpisali ugovor o saradnji. Olakšan proces upisa i direktne informacije o fakultetima ovog univerziteta." />
<meta name="twitter:label1" content="Процењено време читања" />
	<meta name="twitter:data1" content="1 минут" />
<script type="application/ld+json" class="yoast-schema-graph">{"@context":"https://schema.org","@graph":[{"@type":"WebPage","@id":"https://2tm.eu/sr/event/univerzitet-u-novoj-gorici-potpisao-je-ugovor-sa-kompanijom-2tm/","url":"https://2tm.eu/sr/event/univerzitet-u-novoj-gorici-potpisao-je-ugovor-sa-kompanijom-2tm/","name":"Saradnja Univerziteta u Novoj Gorici i 2TM — Nove mogućnosti","isPartOf":{"@id":"https://2tm.eu/en/#website"},"datePublished":"2024-05-24T13:08:59+00:00","dateModified":"2026-04-17T10:50:39+00:00","description":"Zvanično partnerstvo: Univerzitet u Novoj Gorici i 2TM potpisali ugovor o saradnji. Olakšan proces upisa i direktne informacije o fakultetima ovog univerziteta.","breadcrumb":{"@id":"https://2tm.eu/sr/event/univerzitet-u-novoj-gorici-potpisao-je-ugovor-sa-kompanijom-2tm/#breadcrumb"},"inLanguage":"sr-RS","potentialAction":[{"@type":"ReadAction","target":["https://2tm.eu/sr/event/univerzitet-u-novoj-gorici-potpisao-je-ugovor-sa-kompanijom-2tm/"]}]},{"@type":"BreadcrumbList","@id":"https://2tm.eu/sr/event/univerzitet-u-novoj-gorici-potpisao-je-ugovor-sa-kompanijom-2tm/#breadcrumb","itemListElement":[{"@type":"ListItem","position":1,"name":"Home","item":"https://2tm.eu/sr/"},{"@type":"ListItem","position":2,"name":"Events","item":"https://2tm.eu/sl/events/"},{"@type":"ListItem","position":3,"name":"Univerzitet u Novoj Gorici potpisao je ugovor sa kompanijom 2TM"}]},{"@type":"WebSite","@id":"https://2tm.eu/en/#website","url":"https://2tm.eu/en/","name":"2TM","description":"Studiraj u Europi","potentialAction":[{"@type":"SearchAction","target":{"@type":"EntryPoint","urlTemplate":"https://2tm.eu/en/?s={search_term_string}"},"query-input":"required name=search_term_string"}],"inLanguage":"sr-RS"}]}</script>
<!-- / Yoast SEO Premium plugin. -->

Saradnja Univerziteta u Novoj Gorici i 2TM — Nove mogućnosti

Zvanično partnerstvo: Univerzitet u Novoj Gorici i 2TM potpisali ugovor o saradnji. Olakšan proces upisa i direktne informacije o fakultetima ovog univerziteta.

1 минут
