{"id":1311,"date":"2022-07-14T09:25:13","date_gmt":"2022-07-14T09:25:13","guid":{"rendered":"https:\/\/2tm.eu\/?post_type=tribe_events&#038;p=1311"},"modified":"2026-04-17T13:40:50","modified_gmt":"2026-04-17T11:40:50","slug":"intenzivni-kurs-slovenackog-jezika","status":"publish","type":"tribe_events","link":"https:\/\/2tm.eu\/sr\/event\/intenzivni-kurs-slovenackog-jezika\/","title":{"rendered":"Intenzivni kurs slovena\u010dkog jezika"},"content":{"rendered":"<div class=\"tribe-events-single-event-description tribe-events-content\">\n<p>Pozivamo vas na intenzivni kurs slovena\u010dkog jezika koji po\u010dinje 1.08.2022. Nau\u010dic\u0301ete osnove slovena\u010dkog jezika, upozna\u0107ete se sa slovena\u010dkim u razli\u010ditim situacijama, upoznac\u0301ete slovena\u010dku kulturu i tradiciju. Vi\u0161e informacija mo\u017eete pronac\u0301i <u><a href=\"https:\/\/courses.2tm.eu\/sr\/intensive-slovenian\/\">ovde.<\/a><\/u><\/p>\n<\/div>\n<div class=\"tribe-events tribe-common\">\n<div class=\"tribe-events-c-subscribe-dropdown__container\"><\/div>\n<\/div>\n","protected":false},"excerpt":{"rendered":"<p>Pozivamo vas na intenzivni kurs slovena\u010dkog jezika koji po\u010dinje 1.08.2022. Nau\u010dic\u0301ete osnove slovena\u010dkog jezika, upozna\u0107ete se sa slovena\u010dkim u razli\u010ditim situacijama, upoznac\u0301ete slovena\u010dku kulturu i tradiciju. Vi\u0161e informacija mo\u017eete pronac\u0301i [&hellip;]<\/p>\n","protected":false},"author":1,"featured_media":1236,"comment_status":"open","ping_status":"closed","template":"","meta":{"_acf_changed":false,"_tribe_events_status":"","_tribe_events_status_reason":"","footnotes":""},"tags":[],"tribe_events_cat":[],"acf":[],"yoast_head":"<!-- This site is optimized with the Yoast SEO Premium plugin v20.5 (Yoast SEO v20.5) - https:\/\/yoast.com\/wordpress\/plugins\/seo\/ -->\n<title>Intenzivni kurs slovena\u010dkog jezika za budu\u0107e studente \u2014 2TM<\/title>\n<meta name=\"description\" content=\"Pripremite se za studije na vreme! Detalji o intenzivnim kursevima slovena\u010dkog jezika. Brzo savladajte jezik uz stru\u010dne predava\u010de i sertifikat.\" \/>\n<meta name=\"robots\" content=\"index, follow, max-snippet:-1, max-image-preview:large, max-video-preview:-1\" \/>\n<link rel=\"canonical\" href=\"https:\/\/2tm.eu\/sr\/event\/intenzivni-kurs-slovenackog-jezika\/\" \/>\n<meta property=\"og:locale\" content=\"sr_RS\" \/>\n<meta property=\"og:type\" content=\"article\" \/>\n<meta property=\"og:title\" content=\"Intenzivni kurs slovena\u010dkog jezika za budu\u0107e studente \u2014 2TM\" \/>\n<meta property=\"og:description\" content=\"Pripremite se za studije na vreme! Detalji o intenzivnim kursevima slovena\u010dkog jezika. Brzo savladajte jezik uz stru\u010dne predava\u010de i sertifikat.\" \/>\n<meta property=\"og:url\" content=\"https:\/\/2tm.eu\/sr\/event\/intenzivni-kurs-slovenackog-jezika\/\" \/>\n<meta property=\"og:site_name\" content=\"2TM\" \/>\n<meta property=\"article:modified_time\" content=\"2026-04-17T11:40:50+00:00\" \/>\n<meta property=\"og:image\" content=\"https:\/\/2tm.eu\/content\/uploads\/2022\/05\/intenzivni_kurs_slovenackog_jezika_srb_.png\" \/>\n\t<meta property=\"og:image:width\" content=\"1200\" \/>\n\t<meta property=\"og:image:height\" content=\"630\" \/>\n\t<meta property=\"og:image:type\" content=\"image\/png\" \/>\n<meta name=\"twitter:card\" content=\"summary_large_image\" \/>\n<meta name=\"twitter:title\" content=\"Intenzivni kurs slovena\u010dkog jezika za budu\u0107e studente \u2014 2TM\" \/>\n<meta name=\"twitter:description\" content=\"Pripremite se za studije na vreme! Detalji o intenzivnim kursevima slovena\u010dkog jezika. Brzo savladajte jezik uz stru\u010dne predava\u010de i sertifikat.\" \/>\n<meta name=\"twitter:label1\" content=\"\u041f\u0440\u043e\u0446\u0435\u045a\u0435\u043d\u043e \u0432\u0440\u0435\u043c\u0435 \u0447\u0438\u0442\u0430\u045a\u0430\" \/>\n\t<meta name=\"twitter:data1\" content=\"1 \u043c\u0438\u043d\u0443\u0442\" \/>\n<script type=\"application\/ld+json\" class=\"yoast-schema-graph\">{\"@context\":\"https:\/\/schema.org\",\"@graph\":[{\"@type\":\"WebPage\",\"@id\":\"https:\/\/2tm.eu\/sr\/event\/intenzivni-kurs-slovenackog-jezika\/\",\"url\":\"https:\/\/2tm.eu\/sr\/event\/intenzivni-kurs-slovenackog-jezika\/\",\"name\":\"Intenzivni kurs slovena\u010dkog jezika za budu\u0107e studente \u2014 2TM\",\"isPartOf\":{\"@id\":\"https:\/\/2tm.eu\/en\/#website\"},\"datePublished\":\"2022-07-14T09:25:13+00:00\",\"dateModified\":\"2026-04-17T11:40:50+00:00\",\"description\":\"Pripremite se za studije na vreme! Detalji o intenzivnim kursevima slovena\u010dkog jezika. Brzo savladajte jezik uz stru\u010dne predava\u010de i sertifikat.\",\"breadcrumb\":{\"@id\":\"https:\/\/2tm.eu\/sr\/event\/intenzivni-kurs-slovenackog-jezika\/#breadcrumb\"},\"inLanguage\":\"sr-RS\",\"potentialAction\":[{\"@type\":\"ReadAction\",\"target\":[\"https:\/\/2tm.eu\/sr\/event\/intenzivni-kurs-slovenackog-jezika\/\"]}]},{\"@type\":\"BreadcrumbList\",\"@id\":\"https:\/\/2tm.eu\/sr\/event\/intenzivni-kurs-slovenackog-jezika\/#breadcrumb\",\"itemListElement\":[{\"@type\":\"ListItem\",\"position\":1,\"name\":\"Home\",\"item\":\"https:\/\/2tm.eu\/sr\/\"},{\"@type\":\"ListItem\",\"position\":2,\"name\":\"Events\",\"item\":\"https:\/\/2tm.eu\/sl\/events\/\"},{\"@type\":\"ListItem\",\"position\":3,\"name\":\"Intenzivni kurs slovena\u010dkog jezika\"}]},{\"@type\":\"WebSite\",\"@id\":\"https:\/\/2tm.eu\/en\/#website\",\"url\":\"https:\/\/2tm.eu\/en\/\",\"name\":\"2TM\",\"description\":\"Studiraj u Europi\",\"potentialAction\":[{\"@type\":\"SearchAction\",\"target\":{\"@type\":\"EntryPoint\",\"urlTemplate\":\"https:\/\/2tm.eu\/en\/?s={search_term_string}\"},\"query-input\":\"required name=search_term_string\"}],\"inLanguage\":\"sr-RS\"}]}<\/script>\n<!-- \/ Yoast SEO Premium plugin. -->","yoast_head_json":{"title":"Intenzivni kurs slovena\u010dkog jezika za budu\u0107e studente \u2014 2TM","description":"Pripremite se za studije na vreme! Detalji o intenzivnim kursevima slovena\u010dkog jezika. Brzo savladajte jezik uz stru\u010dne predava\u010de i sertifikat.","robots":{"index":"index","follow":"follow","max-snippet":"max-snippet:-1","max-image-preview":"max-image-preview:large","max-video-preview":"max-video-preview:-1"},"canonical":"https:\/\/2tm.eu\/sr\/event\/intenzivni-kurs-slovenackog-jezika\/","og_locale":"sr_RS","og_type":"article","og_title":"Intenzivni kurs slovena\u010dkog jezika za budu\u0107e studente \u2014 2TM","og_description":"Pripremite se za studije na vreme! Detalji o intenzivnim kursevima slovena\u010dkog jezika. Brzo savladajte jezik uz stru\u010dne predava\u010de i sertifikat.","og_url":"https:\/\/2tm.eu\/sr\/event\/intenzivni-kurs-slovenackog-jezika\/","og_site_name":"2TM","article_modified_time":"2026-04-17T11:40:50+00:00","og_image":[{"width":1200,"height":630,"url":"https:\/\/2tm.eu\/content\/uploads\/2022\/05\/intenzivni_kurs_slovenackog_jezika_srb_.png","type":"image\/png"}],"twitter_card":"summary_large_image","twitter_title":"Intenzivni kurs slovena\u010dkog jezika za budu\u0107e studente \u2014 2TM","twitter_description":"Pripremite se za studije na vreme! Detalji o intenzivnim kursevima slovena\u010dkog jezika. Brzo savladajte jezik uz stru\u010dne predava\u010de i sertifikat.","twitter_misc":{"\u041f\u0440\u043e\u0446\u0435\u045a\u0435\u043d\u043e \u0432\u0440\u0435\u043c\u0435 \u0447\u0438\u0442\u0430\u045a\u0430":"1 \u043c\u0438\u043d\u0443\u0442"},"schema":{"@context":"https:\/\/schema.org","@graph":[{"@type":"WebPage","@id":"https:\/\/2tm.eu\/sr\/event\/intenzivni-kurs-slovenackog-jezika\/","url":"https:\/\/2tm.eu\/sr\/event\/intenzivni-kurs-slovenackog-jezika\/","name":"Intenzivni kurs slovena\u010dkog jezika za budu\u0107e studente \u2014 2TM","isPartOf":{"@id":"https:\/\/2tm.eu\/en\/#website"},"datePublished":"2022-07-14T09:25:13+00:00","dateModified":"2026-04-17T11:40:50+00:00","description":"Pripremite se za studije na vreme! Detalji o intenzivnim kursevima slovena\u010dkog jezika. Brzo savladajte jezik uz stru\u010dne predava\u010de i sertifikat.","breadcrumb":{"@id":"https:\/\/2tm.eu\/sr\/event\/intenzivni-kurs-slovenackog-jezika\/#breadcrumb"},"inLanguage":"sr-RS","potentialAction":[{"@type":"ReadAction","target":["https:\/\/2tm.eu\/sr\/event\/intenzivni-kurs-slovenackog-jezika\/"]}]},{"@type":"BreadcrumbList","@id":"https:\/\/2tm.eu\/sr\/event\/intenzivni-kurs-slovenackog-jezika\/#breadcrumb","itemListElement":[{"@type":"ListItem","position":1,"name":"Home","item":"https:\/\/2tm.eu\/sr\/"},{"@type":"ListItem","position":2,"name":"Events","item":"https:\/\/2tm.eu\/sl\/events\/"},{"@type":"ListItem","position":3,"name":"Intenzivni kurs slovena\u010dkog jezika"}]},{"@type":"WebSite","@id":"https:\/\/2tm.eu\/en\/#website","url":"https:\/\/2tm.eu\/en\/","name":"2TM","description":"Studiraj u Europi","potentialAction":[{"@type":"SearchAction","target":{"@type":"EntryPoint","urlTemplate":"https:\/\/2tm.eu\/en\/?s={search_term_string}"},"query-input":"required name=search_term_string"}],"inLanguage":"sr-RS"}]}},"_links":{"self":[{"href":"https:\/\/2tm.eu\/sr\/wp-json\/wp\/v2\/tribe_events\/1311"}],"collection":[{"href":"https:\/\/2tm.eu\/sr\/wp-json\/wp\/v2\/tribe_events"}],"about":[{"href":"https:\/\/2tm.eu\/sr\/wp-json\/wp\/v2\/types\/tribe_events"}],"author":[{"embeddable":true,"href":"https:\/\/2tm.eu\/sr\/wp-json\/wp\/v2\/users\/1"}],"replies":[{"embeddable":true,"href":"https:\/\/2tm.eu\/sr\/wp-json\/wp\/v2\/comments?post=1311"}],"version-history":[{"count":1,"href":"https:\/\/2tm.eu\/sr\/wp-json\/wp\/v2\/tribe_events\/1311\/revisions"}],"predecessor-version":[{"id":1312,"href":"https:\/\/2tm.eu\/sr\/wp-json\/wp\/v2\/tribe_events\/1311\/revisions\/1312"}],"wp:featuredmedia":[{"embeddable":true,"href":"https:\/\/2tm.eu\/sr\/wp-json\/wp\/v2\/media\/1236"}],"wp:attachment":[{"href":"https:\/\/2tm.eu\/sr\/wp-json\/wp\/v2\/media?parent=1311"}],"wp:term":[{"taxonomy":"post_tag","embeddable":true,"href":"https:\/\/2tm.eu\/sr\/wp-json\/wp\/v2\/tags?post=1311"},{"taxonomy":"tribe_events_cat","embeddable":true,"href":"https:\/\/2tm.eu\/sr\/wp-json\/wp\/v2\/tribe_events_cat?post=1311"}],"curies":[{"name":"wp","href":"https:\/\/api.w.org\/{rel}","templated":true}]}}

Intenzivni kurs slovenačkog jezika

<div class="tribe-events-single-event-description tribe-events-content">
<p>Pozivamo vas na intenzivni kurs slovenačkog jezika koji počinje 1.08.2022. Naučićete osnove slovenačkog jezika, upoznaćete se sa slovenačkim u različitim situacijama, upoznaćete slovenačku kulturu i tradiciju. Više informacija možete pronaći <u><a href="https://courses.2tm.eu/sr/intensive-slovenian/">ovde.</a></u></p>
</div>
<div class="tribe-events tribe-common">
<div class="tribe-events-c-subscribe-dropdown__container"></div>
</div>

<p>Pozivamo vas na intenzivni kurs slovenačkog jezika koji počinje 1.08.2022. Naučićete osnove slovenačkog jezika, upoznaćete se sa slovenačkim u različitim situacijama, upoznaćete slovenačku kulturu i tradiciju. Više informacija možete pronaći [&hellip;]</p>

<!-- This site is optimized with the Yoast SEO Premium plugin v20.5 (Yoast SEO v20.5) - https://yoast.com/wordpress/plugins/seo/ -->
<title>Intenzivni kurs slovenačkog jezika za buduće studente — 2TM</title>
<meta name="description" content="Pripremite se za studije na vreme! Detalji o intenzivnim kursevima slovenačkog jezika. Brzo savladajte jezik uz stručne predavače i sertifikat." />
<meta name="robots" content="index, follow, max-snippet:-1, max-image-preview:large, max-video-preview:-1" />
<link rel="canonical" href="https://2tm.eu/sr/event/intenzivni-kurs-slovenackog-jezika/" />
<meta property="og:locale" content="sr_RS" />
<meta property="og:type" content="article" />
<meta property="og:title" content="Intenzivni kurs slovenačkog jezika za buduće studente — 2TM" />
<meta property="og:description" content="Pripremite se za studije na vreme! Detalji o intenzivnim kursevima slovenačkog jezika. Brzo savladajte jezik uz stručne predavače i sertifikat." />
<meta property="og:url" content="https://2tm.eu/sr/event/intenzivni-kurs-slovenackog-jezika/" />
<meta property="og:site_name" content="2TM" />
<meta property="article:modified_time" content="2026-04-17T11:40:50+00:00" />
<meta property="og:image" content="https://2tm.eu/content/uploads/2022/05/intenzivni_kurs_slovenackog_jezika_srb_.png" />
	<meta property="og:image:width" content="1200" />
	<meta property="og:image:height" content="630" />
	<meta property="og:image:type" content="image/png" />
<meta name="twitter:card" content="summary_large_image" />
<meta name="twitter:title" content="Intenzivni kurs slovenačkog jezika za buduće studente — 2TM" />
<meta name="twitter:description" content="Pripremite se za studije na vreme! Detalji o intenzivnim kursevima slovenačkog jezika. Brzo savladajte jezik uz stručne predavače i sertifikat." />
<meta name="twitter:label1" content="Процењено време читања" />
	<meta name="twitter:data1" content="1 минут" />
<script type="application/ld+json" class="yoast-schema-graph">{"@context":"https://schema.org","@graph":[{"@type":"WebPage","@id":"https://2tm.eu/sr/event/intenzivni-kurs-slovenackog-jezika/","url":"https://2tm.eu/sr/event/intenzivni-kurs-slovenackog-jezika/","name":"Intenzivni kurs slovenačkog jezika za buduće studente — 2TM","isPartOf":{"@id":"https://2tm.eu/en/#website"},"datePublished":"2022-07-14T09:25:13+00:00","dateModified":"2026-04-17T11:40:50+00:00","description":"Pripremite se za studije na vreme! Detalji o intenzivnim kursevima slovenačkog jezika. Brzo savladajte jezik uz stručne predavače i sertifikat.","breadcrumb":{"@id":"https://2tm.eu/sr/event/intenzivni-kurs-slovenackog-jezika/#breadcrumb"},"inLanguage":"sr-RS","potentialAction":[{"@type":"ReadAction","target":["https://2tm.eu/sr/event/intenzivni-kurs-slovenackog-jezika/"]}]},{"@type":"BreadcrumbList","@id":"https://2tm.eu/sr/event/intenzivni-kurs-slovenackog-jezika/#breadcrumb","itemListElement":[{"@type":"ListItem","position":1,"name":"Home","item":"https://2tm.eu/sr/"},{"@type":"ListItem","position":2,"name":"Events","item":"https://2tm.eu/sl/events/"},{"@type":"ListItem","position":3,"name":"Intenzivni kurs slovenačkog jezika"}]},{"@type":"WebSite","@id":"https://2tm.eu/en/#website","url":"https://2tm.eu/en/","name":"2TM","description":"Studiraj u Europi","potentialAction":[{"@type":"SearchAction","target":{"@type":"EntryPoint","urlTemplate":"https://2tm.eu/en/?s={search_term_string}"},"query-input":"required name=search_term_string"}],"inLanguage":"sr-RS"}]}</script>
<!-- / Yoast SEO Premium plugin. -->

Intenzivni kurs slovenačkog jezika za buduće studente — 2TM

Pripremite se za studije na vreme! Detalji o intenzivnim kursevima slovenačkog jezika. Brzo savladajte jezik uz stručne predavače i sertifikat.

1 минут
