{"id":11735,"date":"2026-04-09T09:40:29","date_gmt":"2026-04-09T07:40:29","guid":{"rendered":"https:\/\/2tm.eu\/?post_type=tribe_events&#038;p=11735"},"modified":"2026-04-17T12:42:43","modified_gmt":"2026-04-17T10:42:43","slug":"2tm-na-isajmu-obrazovanje-i-karijera-u-moskvi","status":"publish","type":"tribe_events","link":"https:\/\/2tm.eu\/sr\/event\/2tm-na-isajmu-obrazovanje-i-karijera-u-moskvi\/","title":{"rendered":"2TM na isajmu \u201eObrazovanje i karijera\u201c u Moskvi"},"content":{"rendered":"<p>Kompanija 2TM u\u010destvovala je na 62. Moskovskom me\u0111unarodnom sajmu\u201eObrazovanje i karijera\u201c, koji je odr\u017ean od 28. februara do 1. marta 2026.<\/p>\n<p>U okviru doga\u0111aja, nas tim je predstavio mogu\u0107nosti za obrazovanje u Sloveniji i detaljno savetovao posetioce o pitanjima upisa i preseljenja. Posetioci \u0161tanda saznali su kako da se upi\u0161u na obrazovne institucije  u Sloveniji bez prijemnih ispita i pripremne godine,  i upoznali se sa vise od 1500 obrazovnih programa.<\/p>\n<p>Posebno interesovanje izazvale su teme \u017eivota i studiranja u Sloveniji: pristupa\u010dni tro\u0161kovi obrazovanja, sticanje evropske diplome i visok standard \u017eivota. Stru\u010dnjaci 2TM takodje su orgnizovali konsultaciju  u vezi sa dobijanjem boravi\u0161ne dozvole i preseljenjem u Sloveniju.<\/p>\n<p>Zahvaljujemo se svima koji su posetili nas \u0161tand. Drago nam je \u0161to smo deo ovako zna\u0107ajnog doga\u0111aja i sto vam poma\u017eemo da napravite prve korake ka evropskoj budu\u010dnosti.<\/p>\n","protected":false},"excerpt":{"rendered":"<p>Kompanija 2TM u\u010destvovala je na 62. Moskovskom me\u0111unarodnom sajmu\u201eObrazovanje i karijera\u201c, koji je odr\u017ean od 28. februara do 1. marta 2026. U okviru doga\u0111aja, nas tim je predstavio mogu\u0107nosti za [&hellip;]<\/p>\n","protected":false},"author":14,"featured_media":11737,"comment_status":"open","ping_status":"closed","template":"","meta":{"_acf_changed":false,"_tribe_events_status":"","_tribe_events_status_reason":"","footnotes":""},"tags":[],"tribe_events_cat":[],"acf":[],"yoast_head":"<!-- This site is optimized with the Yoast SEO Premium plugin v20.5 (Yoast SEO v20.5) - https:\/\/yoast.com\/wordpress\/plugins\/seo\/ -->\n<title>2TM na sajmu \u201eObrazovanje i karijera\u201c u Moskvi<\/title>\n<meta name=\"description\" content=\"Izve\u0161taj sa u\u010de\u0161\u0107a 2TM na me\u0111unarodnom sajmu u Moskvi. Konsultacije o obrazovanju u Sloveniji, programima razmene i mogu\u0107nostima za strane studente u Evropi.\" \/>\n<meta name=\"robots\" content=\"index, follow, max-snippet:-1, max-image-preview:large, max-video-preview:-1\" \/>\n<link rel=\"canonical\" href=\"https:\/\/2tm.eu\/sr\/event\/2tm-na-isajmu-obrazovanje-i-karijera-u-moskvi\/\" \/>\n<meta property=\"og:locale\" content=\"sr_RS\" \/>\n<meta property=\"og:type\" content=\"article\" \/>\n<meta property=\"og:title\" content=\"2TM na sajmu \u201eObrazovanje i karijera\u201c u Moskvi\" \/>\n<meta property=\"og:description\" content=\"Izve\u0161taj sa u\u010de\u0161\u0107a 2TM na me\u0111unarodnom sajmu u Moskvi. Konsultacije o obrazovanju u Sloveniji, programima razmene i mogu\u0107nostima za strane studente u Evropi.\" \/>\n<meta property=\"og:url\" content=\"https:\/\/2tm.eu\/sr\/event\/2tm-na-isajmu-obrazovanje-i-karijera-u-moskvi\/\" \/>\n<meta property=\"og:site_name\" content=\"2TM\" \/>\n<meta property=\"article:modified_time\" content=\"2026-04-17T10:42:43+00:00\" \/>\n<meta property=\"og:image\" content=\"https:\/\/2tm.eu\/content\/uploads\/2026\/04\/vystavka-sr-2026-2-1024x578.png\" \/>\n\t<meta property=\"og:image:width\" content=\"1024\" \/>\n\t<meta property=\"og:image:height\" content=\"578\" \/>\n\t<meta property=\"og:image:type\" content=\"image\/png\" \/>\n<meta name=\"twitter:card\" content=\"summary_large_image\" \/>\n<meta name=\"twitter:title\" content=\"2TM na sajmu \u201eObrazovanje i karijera\u201c u Moskvi\" \/>\n<meta name=\"twitter:description\" content=\"Izve\u0161taj sa u\u010de\u0161\u0107a 2TM na me\u0111unarodnom sajmu u Moskvi. Konsultacije o obrazovanju u Sloveniji, programima razmene i mogu\u0107nostima za strane studente u Evropi.\" \/>\n<meta name=\"twitter:label1\" content=\"\u041f\u0440\u043e\u0446\u0435\u045a\u0435\u043d\u043e \u0432\u0440\u0435\u043c\u0435 \u0447\u0438\u0442\u0430\u045a\u0430\" \/>\n\t<meta name=\"twitter:data1\" content=\"1 \u043c\u0438\u043d\u0443\u0442\" \/>\n<script type=\"application\/ld+json\" class=\"yoast-schema-graph\">{\"@context\":\"https:\/\/schema.org\",\"@graph\":[{\"@type\":\"WebPage\",\"@id\":\"https:\/\/2tm.eu\/sr\/event\/2tm-na-isajmu-obrazovanje-i-karijera-u-moskvi\/\",\"url\":\"https:\/\/2tm.eu\/sr\/event\/2tm-na-isajmu-obrazovanje-i-karijera-u-moskvi\/\",\"name\":\"2TM na sajmu \u201eObrazovanje i karijera\u201c u Moskvi\",\"isPartOf\":{\"@id\":\"https:\/\/2tm.eu\/en\/#website\"},\"datePublished\":\"2026-04-09T07:40:29+00:00\",\"dateModified\":\"2026-04-17T10:42:43+00:00\",\"description\":\"Izve\u0161taj sa u\u010de\u0161\u0107a 2TM na me\u0111unarodnom sajmu u Moskvi. Konsultacije o obrazovanju u Sloveniji, programima razmene i mogu\u0107nostima za strane studente u Evropi.\",\"breadcrumb\":{\"@id\":\"https:\/\/2tm.eu\/sr\/event\/2tm-na-isajmu-obrazovanje-i-karijera-u-moskvi\/#breadcrumb\"},\"inLanguage\":\"sr-RS\",\"potentialAction\":[{\"@type\":\"ReadAction\",\"target\":[\"https:\/\/2tm.eu\/sr\/event\/2tm-na-isajmu-obrazovanje-i-karijera-u-moskvi\/\"]}]},{\"@type\":\"BreadcrumbList\",\"@id\":\"https:\/\/2tm.eu\/sr\/event\/2tm-na-isajmu-obrazovanje-i-karijera-u-moskvi\/#breadcrumb\",\"itemListElement\":[{\"@type\":\"ListItem\",\"position\":1,\"name\":\"Home\",\"item\":\"https:\/\/2tm.eu\/sr\/\"},{\"@type\":\"ListItem\",\"position\":2,\"name\":\"Events\",\"item\":\"https:\/\/2tm.eu\/sl\/events\/\"},{\"@type\":\"ListItem\",\"position\":3,\"name\":\"2TM na isajmu \u201eObrazovanje i karijera\u201c u Moskvi\"}]},{\"@type\":\"WebSite\",\"@id\":\"https:\/\/2tm.eu\/en\/#website\",\"url\":\"https:\/\/2tm.eu\/en\/\",\"name\":\"2TM\",\"description\":\"Studiraj u Europi\",\"potentialAction\":[{\"@type\":\"SearchAction\",\"target\":{\"@type\":\"EntryPoint\",\"urlTemplate\":\"https:\/\/2tm.eu\/en\/?s={search_term_string}\"},\"query-input\":\"required name=search_term_string\"}],\"inLanguage\":\"sr-RS\"}]}<\/script>\n<!-- \/ Yoast SEO Premium plugin. -->","yoast_head_json":{"title":"2TM na sajmu \u201eObrazovanje i karijera\u201c u Moskvi","description":"Izve\u0161taj sa u\u010de\u0161\u0107a 2TM na me\u0111unarodnom sajmu u Moskvi. Konsultacije o obrazovanju u Sloveniji, programima razmene i mogu\u0107nostima za strane studente u Evropi.","robots":{"index":"index","follow":"follow","max-snippet":"max-snippet:-1","max-image-preview":"max-image-preview:large","max-video-preview":"max-video-preview:-1"},"canonical":"https:\/\/2tm.eu\/sr\/event\/2tm-na-isajmu-obrazovanje-i-karijera-u-moskvi\/","og_locale":"sr_RS","og_type":"article","og_title":"2TM na sajmu \u201eObrazovanje i karijera\u201c u Moskvi","og_description":"Izve\u0161taj sa u\u010de\u0161\u0107a 2TM na me\u0111unarodnom sajmu u Moskvi. Konsultacije o obrazovanju u Sloveniji, programima razmene i mogu\u0107nostima za strane studente u Evropi.","og_url":"https:\/\/2tm.eu\/sr\/event\/2tm-na-isajmu-obrazovanje-i-karijera-u-moskvi\/","og_site_name":"2TM","article_modified_time":"2026-04-17T10:42:43+00:00","og_image":[{"width":1024,"height":578,"url":"https:\/\/2tm.eu\/content\/uploads\/2026\/04\/vystavka-sr-2026-2-1024x578.png","type":"image\/png"}],"twitter_card":"summary_large_image","twitter_title":"2TM na sajmu \u201eObrazovanje i karijera\u201c u Moskvi","twitter_description":"Izve\u0161taj sa u\u010de\u0161\u0107a 2TM na me\u0111unarodnom sajmu u Moskvi. Konsultacije o obrazovanju u Sloveniji, programima razmene i mogu\u0107nostima za strane studente u Evropi.","twitter_misc":{"\u041f\u0440\u043e\u0446\u0435\u045a\u0435\u043d\u043e \u0432\u0440\u0435\u043c\u0435 \u0447\u0438\u0442\u0430\u045a\u0430":"1 \u043c\u0438\u043d\u0443\u0442"},"schema":{"@context":"https:\/\/schema.org","@graph":[{"@type":"WebPage","@id":"https:\/\/2tm.eu\/sr\/event\/2tm-na-isajmu-obrazovanje-i-karijera-u-moskvi\/","url":"https:\/\/2tm.eu\/sr\/event\/2tm-na-isajmu-obrazovanje-i-karijera-u-moskvi\/","name":"2TM na sajmu \u201eObrazovanje i karijera\u201c u Moskvi","isPartOf":{"@id":"https:\/\/2tm.eu\/en\/#website"},"datePublished":"2026-04-09T07:40:29+00:00","dateModified":"2026-04-17T10:42:43+00:00","description":"Izve\u0161taj sa u\u010de\u0161\u0107a 2TM na me\u0111unarodnom sajmu u Moskvi. Konsultacije o obrazovanju u Sloveniji, programima razmene i mogu\u0107nostima za strane studente u Evropi.","breadcrumb":{"@id":"https:\/\/2tm.eu\/sr\/event\/2tm-na-isajmu-obrazovanje-i-karijera-u-moskvi\/#breadcrumb"},"inLanguage":"sr-RS","potentialAction":[{"@type":"ReadAction","target":["https:\/\/2tm.eu\/sr\/event\/2tm-na-isajmu-obrazovanje-i-karijera-u-moskvi\/"]}]},{"@type":"BreadcrumbList","@id":"https:\/\/2tm.eu\/sr\/event\/2tm-na-isajmu-obrazovanje-i-karijera-u-moskvi\/#breadcrumb","itemListElement":[{"@type":"ListItem","position":1,"name":"Home","item":"https:\/\/2tm.eu\/sr\/"},{"@type":"ListItem","position":2,"name":"Events","item":"https:\/\/2tm.eu\/sl\/events\/"},{"@type":"ListItem","position":3,"name":"2TM na isajmu \u201eObrazovanje i karijera\u201c u Moskvi"}]},{"@type":"WebSite","@id":"https:\/\/2tm.eu\/en\/#website","url":"https:\/\/2tm.eu\/en\/","name":"2TM","description":"Studiraj u Europi","potentialAction":[{"@type":"SearchAction","target":{"@type":"EntryPoint","urlTemplate":"https:\/\/2tm.eu\/en\/?s={search_term_string}"},"query-input":"required name=search_term_string"}],"inLanguage":"sr-RS"}]}},"_links":{"self":[{"href":"https:\/\/2tm.eu\/sr\/wp-json\/wp\/v2\/tribe_events\/11735"}],"collection":[{"href":"https:\/\/2tm.eu\/sr\/wp-json\/wp\/v2\/tribe_events"}],"about":[{"href":"https:\/\/2tm.eu\/sr\/wp-json\/wp\/v2\/types\/tribe_events"}],"author":[{"embeddable":true,"href":"https:\/\/2tm.eu\/sr\/wp-json\/wp\/v2\/users\/14"}],"replies":[{"embeddable":true,"href":"https:\/\/2tm.eu\/sr\/wp-json\/wp\/v2\/comments?post=11735"}],"version-history":[{"count":1,"href":"https:\/\/2tm.eu\/sr\/wp-json\/wp\/v2\/tribe_events\/11735\/revisions"}],"predecessor-version":[{"id":11742,"href":"https:\/\/2tm.eu\/sr\/wp-json\/wp\/v2\/tribe_events\/11735\/revisions\/11742"}],"wp:featuredmedia":[{"embeddable":true,"href":"https:\/\/2tm.eu\/sr\/wp-json\/wp\/v2\/media\/11737"}],"wp:attachment":[{"href":"https:\/\/2tm.eu\/sr\/wp-json\/wp\/v2\/media?parent=11735"}],"wp:term":[{"taxonomy":"post_tag","embeddable":true,"href":"https:\/\/2tm.eu\/sr\/wp-json\/wp\/v2\/tags?post=11735"},{"taxonomy":"tribe_events_cat","embeddable":true,"href":"https:\/\/2tm.eu\/sr\/wp-json\/wp\/v2\/tribe_events_cat?post=11735"}],"curies":[{"name":"wp","href":"https:\/\/api.w.org\/{rel}","templated":true}]}}

<p>Kompanija 2TM učestvovala je na 62. Moskovskom međunarodnom sajmu„Obrazovanje i karijera“, koji je održan od 28. februara do 1. marta 2026.</p>
<p>U okviru događaja, nas tim je predstavio mogućnosti za obrazovanje u Sloveniji i detaljno savetovao posetioce o pitanjima upisa i preseljenja. Posetioci štanda saznali su kako da se upišu na obrazovne institucije  u Sloveniji bez prijemnih ispita i pripremne godine,  i upoznali se sa vise od 1500 obrazovnih programa.</p>
<p>Posebno interesovanje izazvale su teme života i studiranja u Sloveniji: pristupačni troškovi obrazovanja, sticanje evropske diplome i visok standard života. Stručnjaci 2TM takodje su orgnizovali konsultaciju  u vezi sa dobijanjem boravišne dozvole i preseljenjem u Sloveniju.</p>
<p>Zahvaljujemo se svima koji su posetili nas štand. Drago nam je što smo deo ovako znaćajnog događaja i sto vam pomažemo da napravite prve korake ka evropskoj budučnosti.</p>

<p>Kompanija 2TM učestvovala je na 62. Moskovskom međunarodnom sajmu„Obrazovanje i karijera“, koji je održan od 28. februara do 1. marta 2026. U okviru događaja, nas tim je predstavio mogućnosti za [&hellip;]</p>

<!-- This site is optimized with the Yoast SEO Premium plugin v20.5 (Yoast SEO v20.5) - https://yoast.com/wordpress/plugins/seo/ -->
<title>2TM na sajmu „Obrazovanje i karijera“ u Moskvi</title>
<meta name="description" content="Izveštaj sa učešća 2TM na međunarodnom sajmu u Moskvi. Konsultacije o obrazovanju u Sloveniji, programima razmene i mogućnostima za strane studente u Evropi." />
<meta name="robots" content="index, follow, max-snippet:-1, max-image-preview:large, max-video-preview:-1" />
<link rel="canonical" href="https://2tm.eu/sr/event/2tm-na-isajmu-obrazovanje-i-karijera-u-moskvi/" />
<meta property="og:locale" content="sr_RS" />
<meta property="og:type" content="article" />
<meta property="og:title" content="2TM na sajmu „Obrazovanje i karijera“ u Moskvi" />
<meta property="og:description" content="Izveštaj sa učešća 2TM na međunarodnom sajmu u Moskvi. Konsultacije o obrazovanju u Sloveniji, programima razmene i mogućnostima za strane studente u Evropi." />
<meta property="og:url" content="https://2tm.eu/sr/event/2tm-na-isajmu-obrazovanje-i-karijera-u-moskvi/" />
<meta property="og:site_name" content="2TM" />
<meta property="article:modified_time" content="2026-04-17T10:42:43+00:00" />
<meta property="og:image" content="https://2tm.eu/content/uploads/2026/04/vystavka-sr-2026-2-1024x578.png" />
	<meta property="og:image:width" content="1024" />
	<meta property="og:image:height" content="578" />
	<meta property="og:image:type" content="image/png" />
<meta name="twitter:card" content="summary_large_image" />
<meta name="twitter:title" content="2TM na sajmu „Obrazovanje i karijera“ u Moskvi" />
<meta name="twitter:description" content="Izveštaj sa učešća 2TM na međunarodnom sajmu u Moskvi. Konsultacije o obrazovanju u Sloveniji, programima razmene i mogućnostima za strane studente u Evropi." />
<meta name="twitter:label1" content="Процењено време читања" />
	<meta name="twitter:data1" content="1 минут" />
<script type="application/ld+json" class="yoast-schema-graph">{"@context":"https://schema.org","@graph":[{"@type":"WebPage","@id":"https://2tm.eu/sr/event/2tm-na-isajmu-obrazovanje-i-karijera-u-moskvi/","url":"https://2tm.eu/sr/event/2tm-na-isajmu-obrazovanje-i-karijera-u-moskvi/","name":"2TM na sajmu „Obrazovanje i karijera“ u Moskvi","isPartOf":{"@id":"https://2tm.eu/en/#website"},"datePublished":"2026-04-09T07:40:29+00:00","dateModified":"2026-04-17T10:42:43+00:00","description":"Izveštaj sa učešća 2TM na međunarodnom sajmu u Moskvi. Konsultacije o obrazovanju u Sloveniji, programima razmene i mogućnostima za strane studente u Evropi.","breadcrumb":{"@id":"https://2tm.eu/sr/event/2tm-na-isajmu-obrazovanje-i-karijera-u-moskvi/#breadcrumb"},"inLanguage":"sr-RS","potentialAction":[{"@type":"ReadAction","target":["https://2tm.eu/sr/event/2tm-na-isajmu-obrazovanje-i-karijera-u-moskvi/"]}]},{"@type":"BreadcrumbList","@id":"https://2tm.eu/sr/event/2tm-na-isajmu-obrazovanje-i-karijera-u-moskvi/#breadcrumb","itemListElement":[{"@type":"ListItem","position":1,"name":"Home","item":"https://2tm.eu/sr/"},{"@type":"ListItem","position":2,"name":"Events","item":"https://2tm.eu/sl/events/"},{"@type":"ListItem","position":3,"name":"2TM na isajmu „Obrazovanje i karijera“ u Moskvi"}]},{"@type":"WebSite","@id":"https://2tm.eu/en/#website","url":"https://2tm.eu/en/","name":"2TM","description":"Studiraj u Europi","potentialAction":[{"@type":"SearchAction","target":{"@type":"EntryPoint","urlTemplate":"https://2tm.eu/en/?s={search_term_string}"},"query-input":"required name=search_term_string"}],"inLanguage":"sr-RS"}]}</script>
<!-- / Yoast SEO Premium plugin. -->

Izveštaj sa učešća 2TM na međunarodnom sajmu u Moskvi. Konsultacije o obrazovanju u Sloveniji, programima razmene i mogućnostima za strane studente u Evropi.

1 минут
