{"id":11719,"date":"2026-04-09T09:38:40","date_gmt":"2026-04-09T07:38:40","guid":{"rendered":"https:\/\/2tm.eu\/?post_type=tribe_events&#038;p=11719"},"modified":"2026-04-17T12:35:48","modified_gmt":"2026-04-17T10:35:48","slug":"sajam-obrazovanje-u-sloveniji-u-nisu","status":"publish","type":"tribe_events","link":"https:\/\/2tm.eu\/sr\/event\/sajam-obrazovanje-u-sloveniji-u-nisu\/","title":{"rendered":"Sajam \u201eObrazovanje u Sloveniji\u201c u Ni\u0161u"},"content":{"rendered":"<p>6. marta 2026. u Ni\u0161u je odr\u017ean sajam \u201eObrazovanje u Sloveniji\u201c, organizovan u saradnji sa slovena\u010dkim obrazovnim institucijama. Doga\u0111aj je bio nastavak serije susreta u Srbiji i okupio je budu\u0107e studente zainteresovane za studiranje u Sloveniji.<\/p>\n<p>U okviru sajma, posetioci su dobili aktuelne informacije o upisu na slovena\u010dke obrazovne institucije. Detaljno su im bili predstavljeni uslovi za upis, mogu\u0107nosti izbora studijskih programa i perspektive koje pru\u017ea studiranje u Sloveniji.<\/p>\n<p>Posebna pa\u017enja posve\u0107ena je izboru smera me\u0111u vi\u0161e od 1500 programa, kao i realnim \u0161ansama za upis na razli\u010dite fakultete. Posetioci su mogli da postave svoja pitanja i dobiju detaljne odgovore od stru\u010dnjaka.<\/p>\n<p>Zahvaljujemo se svima koji su posetili sajam u Ni\u0161u i radujemo se susretu sa vama na nasim narednim doga\u0111ajima!<\/p>\n","protected":false},"excerpt":{"rendered":"<p>6. marta 2026. u Ni\u0161u je odr\u017ean sajam \u201eObrazovanje u Sloveniji\u201c, organizovan u saradnji sa slovena\u010dkim obrazovnim institucijama. Doga\u0111aj je bio nastavak serije susreta u Srbiji i okupio je budu\u0107e [&hellip;]<\/p>\n","protected":false},"author":14,"featured_media":11721,"comment_status":"open","ping_status":"closed","template":"","meta":{"_acf_changed":false,"_tribe_events_status":"","_tribe_events_status_reason":"","footnotes":""},"tags":[],"tribe_events_cat":[],"acf":[],"yoast_head":"<!-- This site is optimized with the Yoast SEO Premium plugin v20.5 (Yoast SEO v20.5) - https:\/\/yoast.com\/wordpress\/plugins\/seo\/ -->\n<title>Sajam \u201eObrazovanje u Sloveniji\u201c u Ni\u0161u \u2014 2TM<\/title>\n<meta name=\"description\" content=\"Saznajte kako je protekao sajam obrazovanja u Ni\u0161u. Informacije o studiranju u Sloveniji, besplatnim studijama za dr\u017eavljane Srbije i uslovima upisa na slovena\u010dke fakultete.\" \/>\n<meta name=\"robots\" content=\"index, follow, max-snippet:-1, max-image-preview:large, max-video-preview:-1\" \/>\n<link rel=\"canonical\" href=\"https:\/\/2tm.eu\/sr\/event\/sajam-obrazovanje-u-sloveniji-u-nisu\/\" \/>\n<meta property=\"og:locale\" content=\"sr_RS\" \/>\n<meta property=\"og:type\" content=\"article\" \/>\n<meta property=\"og:title\" content=\"Sajam \u201eObrazovanje u Sloveniji\u201c u Ni\u0161u \u2014 2TM\" \/>\n<meta property=\"og:description\" content=\"Saznajte kako je protekao sajam obrazovanja u Ni\u0161u. Informacije o studiranju u Sloveniji, besplatnim studijama za dr\u017eavljane Srbije i uslovima upisa na slovena\u010dke fakultete.\" \/>\n<meta property=\"og:url\" content=\"https:\/\/2tm.eu\/sr\/event\/sajam-obrazovanje-u-sloveniji-u-nisu\/\" \/>\n<meta property=\"og:site_name\" content=\"2TM\" \/>\n<meta property=\"article:modified_time\" content=\"2026-04-17T10:35:48+00:00\" \/>\n<meta property=\"og:image\" content=\"https:\/\/2tm.eu\/content\/uploads\/2026\/04\/vystavka-sr-2025-1024x578.png\" \/>\n\t<meta property=\"og:image:width\" content=\"1024\" \/>\n\t<meta property=\"og:image:height\" content=\"578\" \/>\n\t<meta property=\"og:image:type\" content=\"image\/png\" \/>\n<meta name=\"twitter:card\" content=\"summary_large_image\" \/>\n<meta name=\"twitter:title\" content=\"Sajam \u201eObrazovanje u Sloveniji\u201c u Ni\u0161u \u2014 2TM\" \/>\n<meta name=\"twitter:description\" content=\"Saznajte kako je protekao sajam obrazovanja u Ni\u0161u. Informacije o studiranju u Sloveniji, besplatnim studijama za dr\u017eavljane Srbije i uslovima upisa na slovena\u010dke fakultete.\" \/>\n<meta name=\"twitter:label1\" content=\"\u041f\u0440\u043e\u0446\u0435\u045a\u0435\u043d\u043e \u0432\u0440\u0435\u043c\u0435 \u0447\u0438\u0442\u0430\u045a\u0430\" \/>\n\t<meta name=\"twitter:data1\" content=\"1 \u043c\u0438\u043d\u0443\u0442\" \/>\n<script type=\"application\/ld+json\" class=\"yoast-schema-graph\">{\"@context\":\"https:\/\/schema.org\",\"@graph\":[{\"@type\":\"WebPage\",\"@id\":\"https:\/\/2tm.eu\/sr\/event\/sajam-obrazovanje-u-sloveniji-u-nisu\/\",\"url\":\"https:\/\/2tm.eu\/sr\/event\/sajam-obrazovanje-u-sloveniji-u-nisu\/\",\"name\":\"Sajam \u201eObrazovanje u Sloveniji\u201c u Ni\u0161u \u2014 2TM\",\"isPartOf\":{\"@id\":\"https:\/\/2tm.eu\/en\/#website\"},\"datePublished\":\"2026-04-09T07:38:40+00:00\",\"dateModified\":\"2026-04-17T10:35:48+00:00\",\"description\":\"Saznajte kako je protekao sajam obrazovanja u Ni\u0161u. Informacije o studiranju u Sloveniji, besplatnim studijama za dr\u017eavljane Srbije i uslovima upisa na slovena\u010dke fakultete.\",\"breadcrumb\":{\"@id\":\"https:\/\/2tm.eu\/sr\/event\/sajam-obrazovanje-u-sloveniji-u-nisu\/#breadcrumb\"},\"inLanguage\":\"sr-RS\",\"potentialAction\":[{\"@type\":\"ReadAction\",\"target\":[\"https:\/\/2tm.eu\/sr\/event\/sajam-obrazovanje-u-sloveniji-u-nisu\/\"]}]},{\"@type\":\"BreadcrumbList\",\"@id\":\"https:\/\/2tm.eu\/sr\/event\/sajam-obrazovanje-u-sloveniji-u-nisu\/#breadcrumb\",\"itemListElement\":[{\"@type\":\"ListItem\",\"position\":1,\"name\":\"Home\",\"item\":\"https:\/\/2tm.eu\/sr\/\"},{\"@type\":\"ListItem\",\"position\":2,\"name\":\"Events\",\"item\":\"https:\/\/2tm.eu\/sl\/events\/\"},{\"@type\":\"ListItem\",\"position\":3,\"name\":\"Sajam \u201eObrazovanje u Sloveniji\u201c u Ni\u0161u\"}]},{\"@type\":\"WebSite\",\"@id\":\"https:\/\/2tm.eu\/en\/#website\",\"url\":\"https:\/\/2tm.eu\/en\/\",\"name\":\"2TM\",\"description\":\"Studiraj u Europi\",\"potentialAction\":[{\"@type\":\"SearchAction\",\"target\":{\"@type\":\"EntryPoint\",\"urlTemplate\":\"https:\/\/2tm.eu\/en\/?s={search_term_string}\"},\"query-input\":\"required name=search_term_string\"}],\"inLanguage\":\"sr-RS\"}]}<\/script>\n<!-- \/ Yoast SEO Premium plugin. -->","yoast_head_json":{"title":"Sajam \u201eObrazovanje u Sloveniji\u201c u Ni\u0161u \u2014 2TM","description":"Saznajte kako je protekao sajam obrazovanja u Ni\u0161u. Informacije o studiranju u Sloveniji, besplatnim studijama za dr\u017eavljane Srbije i uslovima upisa na slovena\u010dke fakultete.","robots":{"index":"index","follow":"follow","max-snippet":"max-snippet:-1","max-image-preview":"max-image-preview:large","max-video-preview":"max-video-preview:-1"},"canonical":"https:\/\/2tm.eu\/sr\/event\/sajam-obrazovanje-u-sloveniji-u-nisu\/","og_locale":"sr_RS","og_type":"article","og_title":"Sajam \u201eObrazovanje u Sloveniji\u201c u Ni\u0161u \u2014 2TM","og_description":"Saznajte kako je protekao sajam obrazovanja u Ni\u0161u. Informacije o studiranju u Sloveniji, besplatnim studijama za dr\u017eavljane Srbije i uslovima upisa na slovena\u010dke fakultete.","og_url":"https:\/\/2tm.eu\/sr\/event\/sajam-obrazovanje-u-sloveniji-u-nisu\/","og_site_name":"2TM","article_modified_time":"2026-04-17T10:35:48+00:00","og_image":[{"width":1024,"height":578,"url":"https:\/\/2tm.eu\/content\/uploads\/2026\/04\/vystavka-sr-2025-1024x578.png","type":"image\/png"}],"twitter_card":"summary_large_image","twitter_title":"Sajam \u201eObrazovanje u Sloveniji\u201c u Ni\u0161u \u2014 2TM","twitter_description":"Saznajte kako je protekao sajam obrazovanja u Ni\u0161u. Informacije o studiranju u Sloveniji, besplatnim studijama za dr\u017eavljane Srbije i uslovima upisa na slovena\u010dke fakultete.","twitter_misc":{"\u041f\u0440\u043e\u0446\u0435\u045a\u0435\u043d\u043e \u0432\u0440\u0435\u043c\u0435 \u0447\u0438\u0442\u0430\u045a\u0430":"1 \u043c\u0438\u043d\u0443\u0442"},"schema":{"@context":"https:\/\/schema.org","@graph":[{"@type":"WebPage","@id":"https:\/\/2tm.eu\/sr\/event\/sajam-obrazovanje-u-sloveniji-u-nisu\/","url":"https:\/\/2tm.eu\/sr\/event\/sajam-obrazovanje-u-sloveniji-u-nisu\/","name":"Sajam \u201eObrazovanje u Sloveniji\u201c u Ni\u0161u \u2014 2TM","isPartOf":{"@id":"https:\/\/2tm.eu\/en\/#website"},"datePublished":"2026-04-09T07:38:40+00:00","dateModified":"2026-04-17T10:35:48+00:00","description":"Saznajte kako je protekao sajam obrazovanja u Ni\u0161u. Informacije o studiranju u Sloveniji, besplatnim studijama za dr\u017eavljane Srbije i uslovima upisa na slovena\u010dke fakultete.","breadcrumb":{"@id":"https:\/\/2tm.eu\/sr\/event\/sajam-obrazovanje-u-sloveniji-u-nisu\/#breadcrumb"},"inLanguage":"sr-RS","potentialAction":[{"@type":"ReadAction","target":["https:\/\/2tm.eu\/sr\/event\/sajam-obrazovanje-u-sloveniji-u-nisu\/"]}]},{"@type":"BreadcrumbList","@id":"https:\/\/2tm.eu\/sr\/event\/sajam-obrazovanje-u-sloveniji-u-nisu\/#breadcrumb","itemListElement":[{"@type":"ListItem","position":1,"name":"Home","item":"https:\/\/2tm.eu\/sr\/"},{"@type":"ListItem","position":2,"name":"Events","item":"https:\/\/2tm.eu\/sl\/events\/"},{"@type":"ListItem","position":3,"name":"Sajam \u201eObrazovanje u Sloveniji\u201c u Ni\u0161u"}]},{"@type":"WebSite","@id":"https:\/\/2tm.eu\/en\/#website","url":"https:\/\/2tm.eu\/en\/","name":"2TM","description":"Studiraj u Europi","potentialAction":[{"@type":"SearchAction","target":{"@type":"EntryPoint","urlTemplate":"https:\/\/2tm.eu\/en\/?s={search_term_string}"},"query-input":"required name=search_term_string"}],"inLanguage":"sr-RS"}]}},"_links":{"self":[{"href":"https:\/\/2tm.eu\/sr\/wp-json\/wp\/v2\/tribe_events\/11719"}],"collection":[{"href":"https:\/\/2tm.eu\/sr\/wp-json\/wp\/v2\/tribe_events"}],"about":[{"href":"https:\/\/2tm.eu\/sr\/wp-json\/wp\/v2\/types\/tribe_events"}],"author":[{"embeddable":true,"href":"https:\/\/2tm.eu\/sr\/wp-json\/wp\/v2\/users\/14"}],"replies":[{"embeddable":true,"href":"https:\/\/2tm.eu\/sr\/wp-json\/wp\/v2\/comments?post=11719"}],"version-history":[{"count":1,"href":"https:\/\/2tm.eu\/sr\/wp-json\/wp\/v2\/tribe_events\/11719\/revisions"}],"predecessor-version":[{"id":11726,"href":"https:\/\/2tm.eu\/sr\/wp-json\/wp\/v2\/tribe_events\/11719\/revisions\/11726"}],"wp:featuredmedia":[{"embeddable":true,"href":"https:\/\/2tm.eu\/sr\/wp-json\/wp\/v2\/media\/11721"}],"wp:attachment":[{"href":"https:\/\/2tm.eu\/sr\/wp-json\/wp\/v2\/media?parent=11719"}],"wp:term":[{"taxonomy":"post_tag","embeddable":true,"href":"https:\/\/2tm.eu\/sr\/wp-json\/wp\/v2\/tags?post=11719"},{"taxonomy":"tribe_events_cat","embeddable":true,"href":"https:\/\/2tm.eu\/sr\/wp-json\/wp\/v2\/tribe_events_cat?post=11719"}],"curies":[{"name":"wp","href":"https:\/\/api.w.org\/{rel}","templated":true}]}}

Sajam „Obrazovanje u Sloveniji“ u Nišu

<p>6. marta 2026. u Nišu je održan sajam „Obrazovanje u Sloveniji“, organizovan u saradnji sa slovenačkim obrazovnim institucijama. Događaj je bio nastavak serije susreta u Srbiji i okupio je buduće studente zainteresovane za studiranje u Sloveniji.</p>
<p>U okviru sajma, posetioci su dobili aktuelne informacije o upisu na slovenačke obrazovne institucije. Detaljno su im bili predstavljeni uslovi za upis, mogućnosti izbora studijskih programa i perspektive koje pruža studiranje u Sloveniji.</p>
<p>Posebna pažnja posvećena je izboru smera među više od 1500 programa, kao i realnim šansama za upis na različite fakultete. Posetioci su mogli da postave svoja pitanja i dobiju detaljne odgovore od stručnjaka.</p>
<p>Zahvaljujemo se svima koji su posetili sajam u Nišu i radujemo se susretu sa vama na nasim narednim događajima!</p>

<p>6. marta 2026. u Nišu je održan sajam „Obrazovanje u Sloveniji“, organizovan u saradnji sa slovenačkim obrazovnim institucijama. Događaj je bio nastavak serije susreta u Srbiji i okupio je buduće [&hellip;]</p>

<!-- This site is optimized with the Yoast SEO Premium plugin v20.5 (Yoast SEO v20.5) - https://yoast.com/wordpress/plugins/seo/ -->
<title>Sajam „Obrazovanje u Sloveniji“ u Nišu — 2TM</title>
<meta name="description" content="Saznajte kako je protekao sajam obrazovanja u Nišu. Informacije o studiranju u Sloveniji, besplatnim studijama za državljane Srbije i uslovima upisa na slovenačke fakultete." />
<meta name="robots" content="index, follow, max-snippet:-1, max-image-preview:large, max-video-preview:-1" />
<link rel="canonical" href="https://2tm.eu/sr/event/sajam-obrazovanje-u-sloveniji-u-nisu/" />
<meta property="og:locale" content="sr_RS" />
<meta property="og:type" content="article" />
<meta property="og:title" content="Sajam „Obrazovanje u Sloveniji“ u Nišu — 2TM" />
<meta property="og:description" content="Saznajte kako je protekao sajam obrazovanja u Nišu. Informacije o studiranju u Sloveniji, besplatnim studijama za državljane Srbije i uslovima upisa na slovenačke fakultete." />
<meta property="og:url" content="https://2tm.eu/sr/event/sajam-obrazovanje-u-sloveniji-u-nisu/" />
<meta property="og:site_name" content="2TM" />
<meta property="article:modified_time" content="2026-04-17T10:35:48+00:00" />
<meta property="og:image" content="https://2tm.eu/content/uploads/2026/04/vystavka-sr-2025-1024x578.png" />
	<meta property="og:image:width" content="1024" />
	<meta property="og:image:height" content="578" />
	<meta property="og:image:type" content="image/png" />
<meta name="twitter:card" content="summary_large_image" />
<meta name="twitter:title" content="Sajam „Obrazovanje u Sloveniji“ u Nišu — 2TM" />
<meta name="twitter:description" content="Saznajte kako je protekao sajam obrazovanja u Nišu. Informacije o studiranju u Sloveniji, besplatnim studijama za državljane Srbije i uslovima upisa na slovenačke fakultete." />
<meta name="twitter:label1" content="Процењено време читања" />
	<meta name="twitter:data1" content="1 минут" />
<script type="application/ld+json" class="yoast-schema-graph">{"@context":"https://schema.org","@graph":[{"@type":"WebPage","@id":"https://2tm.eu/sr/event/sajam-obrazovanje-u-sloveniji-u-nisu/","url":"https://2tm.eu/sr/event/sajam-obrazovanje-u-sloveniji-u-nisu/","name":"Sajam „Obrazovanje u Sloveniji“ u Nišu — 2TM","isPartOf":{"@id":"https://2tm.eu/en/#website"},"datePublished":"2026-04-09T07:38:40+00:00","dateModified":"2026-04-17T10:35:48+00:00","description":"Saznajte kako je protekao sajam obrazovanja u Nišu. Informacije o studiranju u Sloveniji, besplatnim studijama za državljane Srbije i uslovima upisa na slovenačke fakultete.","breadcrumb":{"@id":"https://2tm.eu/sr/event/sajam-obrazovanje-u-sloveniji-u-nisu/#breadcrumb"},"inLanguage":"sr-RS","potentialAction":[{"@type":"ReadAction","target":["https://2tm.eu/sr/event/sajam-obrazovanje-u-sloveniji-u-nisu/"]}]},{"@type":"BreadcrumbList","@id":"https://2tm.eu/sr/event/sajam-obrazovanje-u-sloveniji-u-nisu/#breadcrumb","itemListElement":[{"@type":"ListItem","position":1,"name":"Home","item":"https://2tm.eu/sr/"},{"@type":"ListItem","position":2,"name":"Events","item":"https://2tm.eu/sl/events/"},{"@type":"ListItem","position":3,"name":"Sajam „Obrazovanje u Sloveniji“ u Nišu"}]},{"@type":"WebSite","@id":"https://2tm.eu/en/#website","url":"https://2tm.eu/en/","name":"2TM","description":"Studiraj u Europi","potentialAction":[{"@type":"SearchAction","target":{"@type":"EntryPoint","urlTemplate":"https://2tm.eu/en/?s={search_term_string}"},"query-input":"required name=search_term_string"}],"inLanguage":"sr-RS"}]}</script>
<!-- / Yoast SEO Premium plugin. -->

Sajam „Obrazovanje u Sloveniji“ u Nišu — 2TM

Saznajte kako je protekao sajam obrazovanja u Nišu. Informacije o studiranju u Sloveniji, besplatnim studijama za državljane Srbije i uslovima upisa na slovenačke fakultete.

1 минут
