{"id":11687,"date":"2026-04-09T09:34:01","date_gmt":"2026-04-09T07:34:01","guid":{"rendered":"https:\/\/2tm.eu\/?post_type=tribe_events&#038;p=11687"},"modified":"2026-04-20T09:03:15","modified_gmt":"2026-04-20T07:03:15","slug":"2tm-na-sejmu-izobrazevanje-in-kariera-v-moskvi","status":"publish","type":"tribe_events","link":"https:\/\/2tm.eu\/sl\/event\/2tm-na-sejmu-izobrazevanje-in-kariera-v-moskvi\/","title":{"rendered":"2TM na sejmu \u00bbIzobra\u017eevanje in kariera\u00ab v Moskvi"},"content":{"rendered":"<p>Podjetje 2TM se je udele\u017eilo 62. moskovskega mednarodnega  sejma \u00bbIzobra\u017eevanje in kariera\u00ab, ki je potekala od 28. februarja do 1. marca 2026.<\/p>\n<p>V okviru dogodka je na\u0161a ekipa predstavila mo\u017enosti za pridobitev izobrazbe v Sloveniji ter obiskovalcem podrobno svetovala glede vpisa in selitve. Obiskovalci stojnice so izvedeli, kako se vpisati na fakultete in vi\u0161je \u0161ole v Sloveniji brez sprejemnih izpitov in pripravljalnega leta, ter spoznali ve\u010d kot 1500 izobra\u017eevalnih programov.<\/p>\n<p>Posebno zanimanje so vzbudile teme \u017eivljenja in studija v Sloveniji: dostopni stro\u0161ki izobra\u017eevanja, pridobitev evropske diplome in visok \u017eivljenjski standard. Strokovnjaki 2TM so prav tako nudili svetovanje glede pridobitve dovoljenja za prebivanje in selitve z dru\u017eino.<\/p>\n<p>Zahvaljujemo se vsem, ki so obiskali na\u0161o stojnico. Veseli smo, da smo del tako pomembnega dogodka in da vam pomagamo narediti prve korake k lep\u0161i prihodnosti.<\/p>\n","protected":false},"excerpt":{"rendered":"<p>Podjetje 2TM se je udele\u017eilo 62. moskovskega mednarodnega sejma \u00bbIzobra\u017eevanje in kariera\u00ab, ki je potekala od 28. februarja do 1. marca 2026. V okviru dogodka je na\u0161a ekipa predstavila mo\u017enosti [&hellip;]<\/p>\n","protected":false},"author":14,"featured_media":11689,"comment_status":"open","ping_status":"closed","template":"","meta":{"_acf_changed":false,"_tribe_events_status":"","_tribe_events_status_reason":"","footnotes":""},"tags":[],"tribe_events_cat":[],"acf":[],"yoast_head":"<!-- This site is optimized with the Yoast SEO Premium plugin v20.5 (Yoast SEO v20.5) - https:\/\/yoast.com\/wordpress\/plugins\/seo\/ -->\n<title>2TM na sejmu Izobra\u017eevanje in kariera v Moskvi<\/title>\n<meta name=\"description\" content=\"Utrinki z udejstvovanja podjetja 2TM na velikem izobra\u017eevalnem sejmu v Moskvi. Svetovanje o \u0161tudiju v Sloveniji in postopkih za tujce.\" \/>\n<meta name=\"robots\" content=\"index, follow, max-snippet:-1, max-image-preview:large, max-video-preview:-1\" \/>\n<link rel=\"canonical\" href=\"https:\/\/2tm.eu\/sl\/event\/2tm-na-sejmu-izobrazevanje-in-kariera-v-moskvi\/\" \/>\n<meta property=\"og:locale\" content=\"sl_SI\" \/>\n<meta property=\"og:type\" content=\"article\" \/>\n<meta property=\"og:title\" content=\"2TM na sejmu Izobra\u017eevanje in kariera v Moskvi\" \/>\n<meta property=\"og:description\" content=\"Utrinki z udejstvovanja podjetja 2TM na velikem izobra\u017eevalnem sejmu v Moskvi. Svetovanje o \u0161tudiju v Sloveniji in postopkih za tujce.\" \/>\n<meta property=\"og:url\" content=\"https:\/\/2tm.eu\/sl\/event\/2tm-na-sejmu-izobrazevanje-in-kariera-v-moskvi\/\" \/>\n<meta property=\"og:site_name\" content=\"2TM\" \/>\n<meta property=\"article:modified_time\" content=\"2026-04-20T07:03:15+00:00\" \/>\n<meta property=\"og:image\" content=\"https:\/\/2tm.eu\/content\/uploads\/2026\/04\/vystavka-sl-2026-1-1024x578.png\" \/>\n\t<meta property=\"og:image:width\" content=\"1024\" \/>\n\t<meta property=\"og:image:height\" content=\"578\" \/>\n\t<meta property=\"og:image:type\" content=\"image\/png\" \/>\n<meta name=\"twitter:card\" content=\"summary_large_image\" \/>\n<meta name=\"twitter:title\" content=\"2TM na sejmu Izobra\u017eevanje in kariera v Moskvi\" \/>\n<meta name=\"twitter:description\" content=\"Utrinki z udejstvovanja podjetja 2TM na velikem izobra\u017eevalnem sejmu v Moskvi. Svetovanje o \u0161tudiju v Sloveniji in postopkih za tujce.\" \/>\n<meta name=\"twitter:label1\" content=\"Est. reading time\" \/>\n\t<meta name=\"twitter:data1\" content=\"1 minuta\" \/>\n<script type=\"application\/ld+json\" class=\"yoast-schema-graph\">{\"@context\":\"https:\/\/schema.org\",\"@graph\":[{\"@type\":\"WebPage\",\"@id\":\"https:\/\/2tm.eu\/sl\/event\/2tm-na-sejmu-izobrazevanje-in-kariera-v-moskvi\/\",\"url\":\"https:\/\/2tm.eu\/sl\/event\/2tm-na-sejmu-izobrazevanje-in-kariera-v-moskvi\/\",\"name\":\"2TM na sejmu Izobra\u017eevanje in kariera v Moskvi\",\"isPartOf\":{\"@id\":\"https:\/\/2tm.eu\/en\/#website\"},\"datePublished\":\"2026-04-09T07:34:01+00:00\",\"dateModified\":\"2026-04-20T07:03:15+00:00\",\"description\":\"Utrinki z udejstvovanja podjetja 2TM na velikem izobra\u017eevalnem sejmu v Moskvi. Svetovanje o \u0161tudiju v Sloveniji in postopkih za tujce.\",\"breadcrumb\":{\"@id\":\"https:\/\/2tm.eu\/sl\/event\/2tm-na-sejmu-izobrazevanje-in-kariera-v-moskvi\/#breadcrumb\"},\"inLanguage\":\"sl-SI\",\"potentialAction\":[{\"@type\":\"ReadAction\",\"target\":[\"https:\/\/2tm.eu\/sl\/event\/2tm-na-sejmu-izobrazevanje-in-kariera-v-moskvi\/\"]}]},{\"@type\":\"BreadcrumbList\",\"@id\":\"https:\/\/2tm.eu\/sl\/event\/2tm-na-sejmu-izobrazevanje-in-kariera-v-moskvi\/#breadcrumb\",\"itemListElement\":[{\"@type\":\"ListItem\",\"position\":1,\"name\":\"Home\",\"item\":\"https:\/\/2tm.eu\/sl\/\"},{\"@type\":\"ListItem\",\"position\":2,\"name\":\"Events\",\"item\":\"https:\/\/2tm.eu\/sl\/events\/\"},{\"@type\":\"ListItem\",\"position\":3,\"name\":\"2TM na sejmu \u00bbIzobra\u017eevanje in kariera\u00ab v Moskvi\"}]},{\"@type\":\"WebSite\",\"@id\":\"https:\/\/2tm.eu\/en\/#website\",\"url\":\"https:\/\/2tm.eu\/en\/\",\"name\":\"2TM\",\"description\":\"Izobra\u017eevanje v Evropi\",\"potentialAction\":[{\"@type\":\"SearchAction\",\"target\":{\"@type\":\"EntryPoint\",\"urlTemplate\":\"https:\/\/2tm.eu\/en\/?s={search_term_string}\"},\"query-input\":\"required name=search_term_string\"}],\"inLanguage\":\"sl-SI\"}]}<\/script>\n<!-- \/ Yoast SEO Premium plugin. -->","yoast_head_json":{"title":"2TM na sejmu Izobra\u017eevanje in kariera v Moskvi","description":"Utrinki z udejstvovanja podjetja 2TM na velikem izobra\u017eevalnem sejmu v Moskvi. Svetovanje o \u0161tudiju v Sloveniji in postopkih za tujce.","robots":{"index":"index","follow":"follow","max-snippet":"max-snippet:-1","max-image-preview":"max-image-preview:large","max-video-preview":"max-video-preview:-1"},"canonical":"https:\/\/2tm.eu\/sl\/event\/2tm-na-sejmu-izobrazevanje-in-kariera-v-moskvi\/","og_locale":"sl_SI","og_type":"article","og_title":"2TM na sejmu Izobra\u017eevanje in kariera v Moskvi","og_description":"Utrinki z udejstvovanja podjetja 2TM na velikem izobra\u017eevalnem sejmu v Moskvi. Svetovanje o \u0161tudiju v Sloveniji in postopkih za tujce.","og_url":"https:\/\/2tm.eu\/sl\/event\/2tm-na-sejmu-izobrazevanje-in-kariera-v-moskvi\/","og_site_name":"2TM","article_modified_time":"2026-04-20T07:03:15+00:00","og_image":[{"width":1024,"height":578,"url":"https:\/\/2tm.eu\/content\/uploads\/2026\/04\/vystavka-sl-2026-1-1024x578.png","type":"image\/png"}],"twitter_card":"summary_large_image","twitter_title":"2TM na sejmu Izobra\u017eevanje in kariera v Moskvi","twitter_description":"Utrinki z udejstvovanja podjetja 2TM na velikem izobra\u017eevalnem sejmu v Moskvi. Svetovanje o \u0161tudiju v Sloveniji in postopkih za tujce.","twitter_misc":{"Est. reading time":"1 minuta"},"schema":{"@context":"https:\/\/schema.org","@graph":[{"@type":"WebPage","@id":"https:\/\/2tm.eu\/sl\/event\/2tm-na-sejmu-izobrazevanje-in-kariera-v-moskvi\/","url":"https:\/\/2tm.eu\/sl\/event\/2tm-na-sejmu-izobrazevanje-in-kariera-v-moskvi\/","name":"2TM na sejmu Izobra\u017eevanje in kariera v Moskvi","isPartOf":{"@id":"https:\/\/2tm.eu\/en\/#website"},"datePublished":"2026-04-09T07:34:01+00:00","dateModified":"2026-04-20T07:03:15+00:00","description":"Utrinki z udejstvovanja podjetja 2TM na velikem izobra\u017eevalnem sejmu v Moskvi. Svetovanje o \u0161tudiju v Sloveniji in postopkih za tujce.","breadcrumb":{"@id":"https:\/\/2tm.eu\/sl\/event\/2tm-na-sejmu-izobrazevanje-in-kariera-v-moskvi\/#breadcrumb"},"inLanguage":"sl-SI","potentialAction":[{"@type":"ReadAction","target":["https:\/\/2tm.eu\/sl\/event\/2tm-na-sejmu-izobrazevanje-in-kariera-v-moskvi\/"]}]},{"@type":"BreadcrumbList","@id":"https:\/\/2tm.eu\/sl\/event\/2tm-na-sejmu-izobrazevanje-in-kariera-v-moskvi\/#breadcrumb","itemListElement":[{"@type":"ListItem","position":1,"name":"Home","item":"https:\/\/2tm.eu\/sl\/"},{"@type":"ListItem","position":2,"name":"Events","item":"https:\/\/2tm.eu\/sl\/events\/"},{"@type":"ListItem","position":3,"name":"2TM na sejmu \u00bbIzobra\u017eevanje in kariera\u00ab v Moskvi"}]},{"@type":"WebSite","@id":"https:\/\/2tm.eu\/en\/#website","url":"https:\/\/2tm.eu\/en\/","name":"2TM","description":"Izobra\u017eevanje v Evropi","potentialAction":[{"@type":"SearchAction","target":{"@type":"EntryPoint","urlTemplate":"https:\/\/2tm.eu\/en\/?s={search_term_string}"},"query-input":"required name=search_term_string"}],"inLanguage":"sl-SI"}]}},"_links":{"self":[{"href":"https:\/\/2tm.eu\/sl\/wp-json\/wp\/v2\/tribe_events\/11687"}],"collection":[{"href":"https:\/\/2tm.eu\/sl\/wp-json\/wp\/v2\/tribe_events"}],"about":[{"href":"https:\/\/2tm.eu\/sl\/wp-json\/wp\/v2\/types\/tribe_events"}],"author":[{"embeddable":true,"href":"https:\/\/2tm.eu\/sl\/wp-json\/wp\/v2\/users\/14"}],"replies":[{"embeddable":true,"href":"https:\/\/2tm.eu\/sl\/wp-json\/wp\/v2\/comments?post=11687"}],"version-history":[{"count":1,"href":"https:\/\/2tm.eu\/sl\/wp-json\/wp\/v2\/tribe_events\/11687\/revisions"}],"predecessor-version":[{"id":11694,"href":"https:\/\/2tm.eu\/sl\/wp-json\/wp\/v2\/tribe_events\/11687\/revisions\/11694"}],"wp:featuredmedia":[{"embeddable":true,"href":"https:\/\/2tm.eu\/sl\/wp-json\/wp\/v2\/media\/11689"}],"wp:attachment":[{"href":"https:\/\/2tm.eu\/sl\/wp-json\/wp\/v2\/media?parent=11687"}],"wp:term":[{"taxonomy":"post_tag","embeddable":true,"href":"https:\/\/2tm.eu\/sl\/wp-json\/wp\/v2\/tags?post=11687"},{"taxonomy":"tribe_events_cat","embeddable":true,"href":"https:\/\/2tm.eu\/sl\/wp-json\/wp\/v2\/tribe_events_cat?post=11687"}],"curies":[{"name":"wp","href":"https:\/\/api.w.org\/{rel}","templated":true}]}}

2TM na sejmu »Izobraževanje in kariera« v Moskvi

<p>Podjetje 2TM se je udeležilo 62. moskovskega mednarodnega  sejma »Izobraževanje in kariera«, ki je potekala od 28. februarja do 1. marca 2026.</p>
<p>V okviru dogodka je naša ekipa predstavila možnosti za pridobitev izobrazbe v Sloveniji ter obiskovalcem podrobno svetovala glede vpisa in selitve. Obiskovalci stojnice so izvedeli, kako se vpisati na fakultete in višje šole v Sloveniji brez sprejemnih izpitov in pripravljalnega leta, ter spoznali več kot 1500 izobraževalnih programov.</p>
<p>Posebno zanimanje so vzbudile teme življenja in studija v Sloveniji: dostopni stroški izobraževanja, pridobitev evropske diplome in visok življenjski standard. Strokovnjaki 2TM so prav tako nudili svetovanje glede pridobitve dovoljenja za prebivanje in selitve z družino.</p>
<p>Zahvaljujemo se vsem, ki so obiskali našo stojnico. Veseli smo, da smo del tako pomembnega dogodka in da vam pomagamo narediti prve korake k lepši prihodnosti.</p>

<p>Podjetje 2TM se je udeležilo 62. moskovskega mednarodnega sejma »Izobraževanje in kariera«, ki je potekala od 28. februarja do 1. marca 2026. V okviru dogodka je naša ekipa predstavila možnosti [&hellip;]</p>

<!-- This site is optimized with the Yoast SEO Premium plugin v20.5 (Yoast SEO v20.5) - https://yoast.com/wordpress/plugins/seo/ -->
<title>2TM na sejmu Izobraževanje in kariera v Moskvi</title>
<meta name="description" content="Utrinki z udejstvovanja podjetja 2TM na velikem izobraževalnem sejmu v Moskvi. Svetovanje o študiju v Sloveniji in postopkih za tujce." />
<meta name="robots" content="index, follow, max-snippet:-1, max-image-preview:large, max-video-preview:-1" />
<link rel="canonical" href="https://2tm.eu/sl/event/2tm-na-sejmu-izobrazevanje-in-kariera-v-moskvi/" />
<meta property="og:locale" content="sl_SI" />
<meta property="og:type" content="article" />
<meta property="og:title" content="2TM na sejmu Izobraževanje in kariera v Moskvi" />
<meta property="og:description" content="Utrinki z udejstvovanja podjetja 2TM na velikem izobraževalnem sejmu v Moskvi. Svetovanje o študiju v Sloveniji in postopkih za tujce." />
<meta property="og:url" content="https://2tm.eu/sl/event/2tm-na-sejmu-izobrazevanje-in-kariera-v-moskvi/" />
<meta property="og:site_name" content="2TM" />
<meta property="article:modified_time" content="2026-04-20T07:03:15+00:00" />
<meta property="og:image" content="https://2tm.eu/content/uploads/2026/04/vystavka-sl-2026-1-1024x578.png" />
	<meta property="og:image:width" content="1024" />
	<meta property="og:image:height" content="578" />
	<meta property="og:image:type" content="image/png" />
<meta name="twitter:card" content="summary_large_image" />
<meta name="twitter:title" content="2TM na sejmu Izobraževanje in kariera v Moskvi" />
<meta name="twitter:description" content="Utrinki z udejstvovanja podjetja 2TM na velikem izobraževalnem sejmu v Moskvi. Svetovanje o študiju v Sloveniji in postopkih za tujce." />
<meta name="twitter:label1" content="Est. reading time" />
	<meta name="twitter:data1" content="1 minuta" />
<script type="application/ld+json" class="yoast-schema-graph">{"@context":"https://schema.org","@graph":[{"@type":"WebPage","@id":"https://2tm.eu/sl/event/2tm-na-sejmu-izobrazevanje-in-kariera-v-moskvi/","url":"https://2tm.eu/sl/event/2tm-na-sejmu-izobrazevanje-in-kariera-v-moskvi/","name":"2TM na sejmu Izobraževanje in kariera v Moskvi","isPartOf":{"@id":"https://2tm.eu/en/#website"},"datePublished":"2026-04-09T07:34:01+00:00","dateModified":"2026-04-20T07:03:15+00:00","description":"Utrinki z udejstvovanja podjetja 2TM na velikem izobraževalnem sejmu v Moskvi. Svetovanje o študiju v Sloveniji in postopkih za tujce.","breadcrumb":{"@id":"https://2tm.eu/sl/event/2tm-na-sejmu-izobrazevanje-in-kariera-v-moskvi/#breadcrumb"},"inLanguage":"sl-SI","potentialAction":[{"@type":"ReadAction","target":["https://2tm.eu/sl/event/2tm-na-sejmu-izobrazevanje-in-kariera-v-moskvi/"]}]},{"@type":"BreadcrumbList","@id":"https://2tm.eu/sl/event/2tm-na-sejmu-izobrazevanje-in-kariera-v-moskvi/#breadcrumb","itemListElement":[{"@type":"ListItem","position":1,"name":"Home","item":"https://2tm.eu/sl/"},{"@type":"ListItem","position":2,"name":"Events","item":"https://2tm.eu/sl/events/"},{"@type":"ListItem","position":3,"name":"2TM na sejmu »Izobraževanje in kariera« v Moskvi"}]},{"@type":"WebSite","@id":"https://2tm.eu/en/#website","url":"https://2tm.eu/en/","name":"2TM","description":"Izobraževanje v Evropi","potentialAction":[{"@type":"SearchAction","target":{"@type":"EntryPoint","urlTemplate":"https://2tm.eu/en/?s={search_term_string}"},"query-input":"required name=search_term_string"}],"inLanguage":"sl-SI"}]}</script>
<!-- / Yoast SEO Premium plugin. -->

2TM na sejmu Izobraževanje in kariera v Moskvi

Utrinki z udejstvovanja podjetja 2TM na velikem izobraževalnem sejmu v Moskvi. Svetovanje o študiju v Sloveniji in postopkih za tujce.

Izobraževanje v Evropi
